4
Suppose 0 = -3*p + 5*b + 270, p + 0*b = -2*b + 79. What is the tens digit of p?
8
Let o(p) = p**2 + 2*p - 8. Let y be (-6)/(-3) + 0 - -5. Let m be o(y). What is the units digit of (0 + -1)/((-5)/m)?
1
Let b(w) = -3*w - 4. What is the tens digit of b(-7)?
1
Let z = -45 - -27. Let i = z + 9. Let x = 16 + i. What is the units digit of x?
7
Suppose 12 = -l + 5*l. Suppose l*o = 4 + 14. What is the units digit of o?
6
Let t(d) = -d + 3. Let f be ((-13)/3 + 2)*3. Let m be t(f). Suppose 0 = 2*i - m, 5*s + 10 = i + 2*i. What is the units digit of s?
1
Let k(a) = 7*a + 6. Let r be 8/(-28) - 74/(-14). What is the units digit of k(r)?
1
Suppose -2*y + 46 = 2*q, 2*y + 26 - 102 = 4*q. Suppose -y = t - 5*t - 4*h, -14 = -5*t + 2*h. What is the units digit of t?
4
Suppose 2*t - 6 = -t. Suppose 32 + 12 = 2*o + 2*z, t*z = 0. What is the units digit of o?
2
Let x = -3 + 4. What is the units digit of (1 - 3*-2)*x?
7
Let z be -1 + -4 - (2 + -3). What is the units digit of 1/(-1 + (-2 - z))?
1
Let h = -5 - -7. Suppose 9 = 5*u - h*u. What is the units digit of u?
3
Let h = 4 + 1. Let b(n) = 1 - n - 1 + h*n**3. What is the units digit of b(1)?
4
Let d(f) = f. Let r be d(-6). Let m(b) be the first derivative of -b**2/2 - 5*b - 9. What is the units digit of m(r)?
1
Let t(p) = 18*p + 2. What is the units digit of t(3)?
6
Let h(f) = 2 + 1 - f + 9. Let m = -11 + 17. What is the units digit of h(m)?
6
Let g be 2/2*(-5 - -5). Suppose g = -l + 3. What is the units digit of l?
3
Let b(d) = -2*d**3 - 4*d**2 - 4*d - 3. Let j be b(-2). Suppose -j*q + q = -12. Suppose -3*k - 6 + q = 3*v, -k - 4 = 0. What is the units digit of v?
3
Suppose -3*f + 3*l - 18 = 0, -l - 4 + 1 = 0. Let u(z) = z**2 - 3*z - 2. Let r be u(-3). Let t = f + r. What is the units digit of t?
7
What is the units digit of 30/4*(-64)/(-12)?
0
Let g(p) = -3*p**3 + 3*p + 3. Let a be g(-2). Suppose a + 13 = 2*o. What is the units digit of o?
7
Suppose -3 = -4*x + 1. Let q(f) = -f - 4*f + 9*f. What is the units digit of q(x)?
4
Suppose 30 = -5*l - 5*o, -4 = -l - 3*l + 3*o. Let m be l/8 - 51/(-12). Suppose -m*s = s - 35. What is the units digit of s?
7
Let p = 1 + -1. Let m = 38 + -36. Let d = p + m. What is the units digit of d?
2
Let k = 104 - 62. Suppose 3*a = 2*i + a - 22, -2*i + k = 3*a. Let t = i - 8. What is the units digit of t?
7
Suppose 7 = v - 2*v. Let g = v + 15. What is the units digit of g?
8
Let s(t) = -t**2 - 6*t + 2. Let l be s(-6). Let k = -3 + 3. Suppose -2*j = -l, -n + 3*j + k = -6. What is the units digit of n?
9
Suppose -4*o = -3*u + 105, -o - 127 = -0*u - 4*u. What is the tens digit of u?
3
Let p = 45 - -2. What is the units digit of p?
7
Suppose -382 = -3*z + 875. What is the tens digit of z?
1
What is the tens digit of 306 + ((-2)/(-6))/(19/(-114))?
0
What is the hundreds digit of (1/2)/(8/2032)?
1
Suppose -3*p = -s - 41, 3*p + 2*s = 8*p - 67. Let j be 5/p - (-14)/3. Suppose -2*y + 4*y + v = 4, -j*y + 3*v = 1. What is the units digit of y?
1
Let j(m) = -m**2 - 6*m - 7. Let f(y) = -3*y**2 - 12*y - 14. Let a(r) = 2*f(r) - 5*j(r). What is the units digit of a(5)?
2
Let c be 3/2*24/(-9). Let m = c + 4. Suppose 3*i - 12 + m = 0. What is the units digit of i?
4
Suppose -3*x = -0*o - o + 193, -x = -o + 187. What is the tens digit of o?
8
Let l = -1 - -3. Suppose -63 = -l*t - i, -t + 3*t - 69 = -3*i. What is the tens digit of t?
3
Let p(l) = 10*l**2 - 3*l - 1. What is the tens digit of p(-2)?
4
Let n be -8 + 0 + 1 + -2. What is the tens digit of (-84)/n*(-27)/(-6)?
4
Suppose -4*a = -9*a + 15. Suppose -a*s = -42 - 30. What is the units digit of s?
4
Let l = 9 + -6. Suppose 0*i - i + w + 1 = 0, 5*i - l*w = 15. What is the units digit of i/(-4)*(-20)/6?
5
Let s(t) = -5*t - 2 + 3 + 7 - t**2. Let a = 10 - 16. What is the units digit of s(a)?
2
Let u = -584 - -822. What is the units digit of u?
8
Let s = -96 - -272. What is the hundreds digit of s?
1
Suppose -3*m - 2*m = 40. Let l = m + 58. What is the tens digit of l?
5
Let s(y) be the first derivative of y**2/2 + 9*y - 4. Let q be s(-7). Suppose -4*t - q + 34 = 0. What is the units digit of t?
8
Let k be -2 + (0 - -1) + 2. Let x be (0 + 0)/(k + 1). Suppose -2*r + x*r + 6 = 0. What is the units digit of r?
3
Let u(c) = -c**3 - 2*c**2 + 5*c - 1. What is the hundreds digit of u(-7)?
2
Suppose -3984 = 8*u - 20*u. What is the tens digit of u?
3
Let n be ((-7)/(-14))/((-2)/(-20)). Suppose s - 4*v - 25 = -0*v, 3*s - n*v = 110. What is the units digit of s?
5
Suppose -4*h = -3*v + 8, 5*h = 4*v - 2*v - 3. Suppose -3*s + 21 + 6 = -3*n, n = v*s - 48. What is the units digit of s?
3
Suppose -4*f - 153 = -2*r + r, -2*r + 291 = -3*f. What is the units digit of r?
1
Suppose -a - 6*a = -14. What is the units digit of a?
2
What is the hundreds digit of 16/36 + (-3498)/(-27)?
1
Let k be (20/(-6))/(2/3). Let x = k + 13. What is the units digit of x?
8
Let c be ((-6)/(-8))/(1/4). Suppose -4*t + 1 + 4 = -3*r, 5*t + 2*r = 12. Suppose -g + 2 = c*x, -g - 3*x = -x - t. What is the units digit of g?
2
Let x(c) = -c**2 - 14*c + 10. What is the tens digit of x(-7)?
5
Let c(z) = -z**3 + 12*z**2 - 10*z - 9. Let m be c(11). Suppose -2*w = -m*x - 12, -2*x + 0*x = 5*w - 44. What is the units digit of w?
8
Let v be (-2 + 1 + -1)*-1. Suppose v*g + 2*a = 68, -5*g - a = -205 + 27. What is the tens digit of g?
3
Let a = -1 + 129. What is the tens digit of a?
2
Suppose 81 = 3*i - 138. What is the tens digit of i?
7
Let h be -2*((-23)/(-2) + 3). Let j = h - -45. What is the units digit of j?
6
Let t = 42 + -2. Suppose -25 = 5*n, -2*n + 6*n = 4*u - t. Suppose 3*v + 6 = u*v. What is the units digit of v?
3
Let q(i) = 2*i**3 - 12*i**2 + 4*i + 3. What is the units digit of q(6)?
7
Let r(p) = p**2 - p - 7. What is the units digit of r(-5)?
3
Suppose -2*f + 3*f + 9 = 5*o, f - 9 = -4*o. Suppose -j + 75 = o*j. What is the tens digit of j?
2
Let j = 42 - 15. Suppose -4*o - d = -j, 4*o - 3*d - 18 = -d. What is the units digit of o?
6
Suppose 2*m = 2*f - 2, 3*m - f = 5*m - 13. Suppose 0 = -m*u + 3*u + 16. What is the units digit of u?
6
Suppose 4*x - 544 = -o - 4*o, -3*x = 5*o - 413. Suppose -5*z = -10, 3*z - x = -3*a + 2*z. What is the tens digit of a?
4
Suppose -34 = 4*p - 98. What is the tens digit of p?
1
Let x be 47/9 - 2/9. Let g = 11 - x. What is the units digit of g?
6
Let j = -15 + 2. Let a = -10 - j. What is the units digit of a?
3
Suppose -3*x - 3*c = -621 - 27, 0 = -3*x + c + 656. What is the hundreds digit of x?
2
Let j = 6 - 10. Let y = 9 - j. What is the tens digit of y?
1
Suppose -3*u - 4*r = -0*u - 349, 587 = 5*u + 4*r. What is the units digit of u?
9
Let h = 5 + 0. Let i(r) = 4*r + 3 - h*r - r**2 + 4*r. What is the units digit of i(3)?
3
Let x = -3 - -13. Let f = x - -5. What is the units digit of f?
5
Let g(j) = j**2 - j + 1. Let m be g(2). Let x(c) = 2*c + 9 - 5 + m. What is the units digit of x(5)?
7
Let y be -1*(0 + 2)*-2. Suppose -y*j + 16 = 0, -2*c + 84 = 2*c + 5*j. What is the units digit of c?
6
Suppose 3*j + 13 = h, 0 = -5*h + h - 3*j + 127. Let l = h - 46. What is the units digit of l/(-4) - (-3)/6?
5
Let o = -81 - -163. What is the units digit of o?
2
What is the units digit of 8/20 + 1119/15?
5
Let n = -30 + 76. What is the units digit of n?
6
Suppose -22*z + 21*z + 287 = 0. What is the tens digit of z?
8
Suppose 49*l - 45*l - 392 = 0. What is the units digit of l?
8
Let m = 56 + -40. What is the units digit of m?
6
Let o = 86 + -62. What is the tens digit of o?
2
Let c(i) = 2*i**2 + 10*i + 3. What is the units digit of c(-9)?
5
Let f = 18 - 27. Let n = -4 - f. Let k = n - -1. What is the units digit of k?
6
Suppose -2*y - 3*d + 5*d = -50, 0 = -5*y + 3*d + 127. What is the tens digit of y?
2
Let y = -79 + 120. What is the units digit of y?
1
Let i(x) = -2*x. Let g be i(1). Let r = 16 - g. What is the tens digit of r?
1
Suppose -2*d + d + 27 = 2*w, -w + 6 = -2*d. What is the tens digit of w?
1
Suppose 0 = -n + 2. Suppose n*s - 10 + 4 = 0, 0 = 4*u + s + 25. What is the units digit of (5 - 6)/(1/u)?
7
Let i(n) = -2*n**2 - 1. Let f be i(-1). Let y = 9 + f. What is the units digit of y?
6
Let a = -16 + 45. What is the units digit of a?
9
Let f(u) = -5*u - 1. Let b(c) = -c**3 + 5*c**2 + 2. Let v be b(5). Suppose 4 = -4*a - w, 2*a + 0*w + v = w. What is the units digit of f(a)